ts digit of n?
6
Suppose 0*j + 4*j - 1055 = -w, -5*w = 2*j - 541. What is the hundreds digit of j?
2
Let k(x) = 2*x**2 + 5*x - 8. Suppose -3*y + 7 = -4*y. What is the tens digit of k(y)?
5
Let s be 201/(-15) + (-4)/(-10). Let a(i) = -2*i - 19. Let u be a(s). Suppose -u*t + 2 = -5*t. What is the units digit of t?
1
Let j(u) = -u**2 + 20*u - 16. Suppose 66 = -3*k + 7*k - 2*l, -l - 84 = -5*k. What is the tens digit of j(k)?
3
Suppose 3*p - 6*v + 2*v - 23 = 0, 0 = p + v + 4. What is the units digit of (-3 - 20/p)/(-1)?
3
Suppose 0 = -5*h - s + 9, -3*s + 0*s = -h + 5. What is the units digit of 15/h*54/45?
9
Let u be (6/4)/((-3)/(-52)). Let g be 6 - 16/(5 - 1). Suppose 3*n = -g*c + u, -4*c + 16 = -2*n + 5*n. What is the tens digit of n?
1
Suppose -4 = -5*l + 6. Suppose -2*j + 74 = -l*o - o, j - 27 = -o. Let h = j - 12. What is the tens digit of h?
1
What is the units digit of (65 - 1) + (-12)/(-3)?
8
Suppose 0 = 2*l + 3*o - 11, 2*o + 0*o - 12 = -2*l. Suppose 2*s = 3*j + 3*s + l, -4*j - 18 = -3*s. What is the units digit of (j + 13/2)*2?
7
Suppose 3*z = 4*z - 4. Let c be 11/(-3) + (-6)/(-9). What is the units digit of (z/c)/(12/(-126))?
4
Let g(c) = 5*c**2 + 2. Let a(r) = -r + 1. Let i be a(-1). What is the tens digit of g(i)?
2
Suppose -1 = -2*a + 7. What is the units digit of 18/a + (-3)/(-6)?
5
Let w(x) = x**3 + 6*x**2 - 2*x - 8. Let t(y) = -4*y**2 + 3*y. Let z be t(2). Let d be (-15)/(-2)*8/z. What is the units digit of w(d)?
4
Suppose 0 = -5*o - 10, j - 6*o - 5 = -5*o. Suppose w - 3 = -3*a, 4*w - 3*a = j*w + 9. What is the units digit of w?
6
Let l = -14 + 7. Let o = -3 - l. Let p = o - 3. What is the units digit of p?
1
Let m(j) = 7*j - 15. What is the tens digit of m(7)?
3
Let v(p) = 5*p**2 - 10*p**2 + 2 - p**3 - 4*p**2. Let s be ((-6)/(-4) + 0)*-6. What is the units digit of v(s)?
2
Let z be 0/(-2*3/6). Let f = 2 + z. Suppose f*q - 6 + 0 = 0. What is the units digit of q?
3
Suppose -w + 62 = 4*w - 2*m, 3*w + m - 46 = 0. What is the units digit of w?
4
Let u(f) = 9*f**2 + 1. Suppose 4*l + 4*s = -1 - 3, -l + 3*s = -15. Suppose 0 = -2*q - 1 + l. What is the tens digit of u(q)?
1
Let v(p) = -p**2 + p + 2. Let a be v(0). Let h be 8*4 - 2 - a. What is the units digit of 2/(-4) - h/(-8)?
3
Let o(x) = -2*x**3 - 4*x**2 - x + 2. What is the units digit of o(-2)?
4
Suppose -g + 6*g - 361 = 4*n, -3*n + 3 = 0. Suppose 33 = l + 3*z + 2*z, 2*l - g = -3*z. What is the tens digit of l?
3
Suppose -c + 5*g = -4*c + 455, 0 = -2*c - 3*g + 304. What is the units digit of c?
5
Suppose -3*s - s = -80. What is the units digit of s?
0
Suppose -2*n - 3*n + 10 = 0. Let q be -2*(1 + (n - 4)). Let y(a) = -a**3 + 4*a**2 + a. What is the tens digit of y(q)?
1
Let r(u) = u**2 + 16*u + 1. What is the tens digit of r(-22)?
3
Let z(g) = -g**2 - 3*g + 2. Let a be z(-2). Let x = a - 1. Suppose -x*o + i = -17, 3*i + 3 = -3*o - 0*o. What is the units digit of o?
4
Suppose -4*a = -20 - 16. Let c = -4 + a. Suppose 3*g = -c*z - 1, -5*g - z - 4 = -17. What is the units digit of g?
3
Let h(f) be the third derivative of f**7/1260 + f**6/720 - f**5/30 - 2*f**2. Let o(n) be the third derivative of h(n). What is the units digit of o(1)?
5
Suppose 0*p + p - 21 = 0. Suppose 0 = 5*b + o - 31 - p, -4*o - 23 = -b. What is the tens digit of b?
1
Suppose -2*d - 30 = -4*d. Suppose 5*s - d = -0. Let c = 6 - s. What is the units digit of c?
3
Let g = -144 + 222. What is the tens digit of g?
7
Suppose 0*p - 20 = 5*p. Let o(j) be the first derivative of j**3/3 + 3*j**2/2 + j + 16. What is the units digit of o(p)?
5
Let a = -2 - -4. Suppose a*t = t + 22. What is the units digit of t?
2
Let x(j) = -2*j + 17. What is the tens digit of x(-8)?
3
Suppose 7*v + 0*v = 77. What is the units digit of v?
1
Let n = -85 + 90. Let f = 2 - -1. What is the units digit of (n/f)/((-1)/(-12))?
0
Suppose -w = 3*g - 319 - 425, -g - 2*w + 248 = 0. What is the units digit of g?
8
Suppose l - 4*l + 54 = 0. What is the tens digit of l?
1
Suppose -5*d + 346 = 2*m, 6*m = m + 2*d + 807. What is the hundreds digit of m?
1
Let n = 132 - 62. What is the tens digit of n?
7
Let x = -39 + 60. Let h = 34 - x. What is the tens digit of h?
1
Suppose 8 = -2*k + 2. What is the units digit of (-20)/k - 2/3?
6
Let r = 6 + -3. What is the tens digit of ((-3)/6)/(r/(-78))?
1
Let a(d) be the second derivative of -d**4/12 - 3*d**3/2 - 4*d**2 + 2*d. Let q be a(-9). Let i = q + 14. What is the units digit of i?
6
Suppose -5*c - 4 = -4*u, 0 = 3*c - 5*u - 1 + 6. Suppose -2*h + c*h + 50 = 0. What is the units digit of h?
5
Suppose -18 - 5 = -5*a - 3*c, 4*c = 4. Suppose -4*p - 16 = 0, -3*p + 6 = -2*y - 6*p. Suppose -a*z + 5 = -y. What is the units digit of z?
2
Let l = 12 - 10. Suppose 0*j + l*j - 32 = -x, x + j = 33. What is the tens digit of x?
3
Let l = 17 + -5. What is the units digit of (l/5 + -2)*5?
2
Let h(k) = -7*k**3 - 19*k**2 - 31*k - 19. Let r(b) = -3*b**3 - 10*b**2 - 15*b - 10. Let a(g) = -2*h(g) + 5*r(g). What is the tens digit of a(-11)?
1
Let k = -328 + 512. What is the tens digit of k?
8
Let g = -37 + 63. What is the units digit of g?
6
Let s be (-1)/(-4) - 1756/(-16). Suppose -4*j + s = j. What is the units digit of j?
2
Let h = -2 + 0. What is the tens digit of -2 + (-26)/(h + 0)?
1
Suppose 928 = 6*i - 2*i. Suppose 0 = 4*f + 8, 4*d - f + 3*f = i. Suppose 4*q - d = 5. What is the tens digit of q?
1
Suppose a = 4*a. Suppose 0 = -b + 4, 3*j = -a*j - 3*b + 42. What is the tens digit of j?
1
Let s = -9 - -14. Suppose s*l + 8 - 58 = 0. Suppose 2*m = -0*m + l. What is the units digit of m?
5
Suppose 0 = -4*a + 8, o - a + 5*a = 19. Let j = 25 - o. What is the tens digit of j?
1
Suppose -40 = -2*r + 5*i, -3*i - 3 = 3. Let d = -11 + r. Suppose -d*w - 3*t = -56, 2*w = -0*t + 4*t + 50. What is the tens digit of w?
1
Suppose 4*m + 40 = 2*s, -s - 3*m - 1 + 6 = 0. Let x(a) = -3*a - 3. Let c be x(-8). Let l = c - s. What is the units digit of l?
7
What is the units digit of (7*7 + 0)/(13/13)?
9
Let z = 13 + -9. Suppose 0 = 2*b + z, i - 4*b - 19 = 5. What is the tens digit of i?
1
Let n(c) = c**3 - 5*c**2 + 3*c + 3. Let w be n(4). Let g = w - -3. What is the units digit of g?
2
Suppose t + 4*o - 13 = 0, t + 4*o = -2*t + 23. Suppose 5*a = -t*h - 0*a, 0 = -3*h + 4*a + 14. Suppose 3 = -h*b + 11. What is the units digit of b?
4
Let p(z) = 2*z**2 - 4*z + 2. Let h be p(3). Let g(i) = -2*i + 5. Let c be g(h). Let t = c + 15. What is the units digit of t?
4
Let v(s) = 4*s**2 - 2*s - 1. Let h be v(2). Let t(l) = 8*l - 2. Let d be t(h). Suppose 0 = -4*k - 18 + d. What is the units digit of k?
7
Let h = 0 - 2. Let i = h - -16. What is the tens digit of i?
1
Suppose a = g + 5*a + 5, 3*g - 3*a = 30. Let q be 3/6*-1*-10. Let m = g - q. What is the units digit of m?
2
Suppose -2*r + 2*b + 94 = 0, -2*b = 2*r - 3*b - 97. What is the units digit of r?
0
What is the units digit of 2*9 - (4 + -4)?
8
Let x(u) = 41*u - 3. What is the units digit of x(1)?
8
Let h(o) = 2*o. Suppose -4*q = l - 8, 0 = 4*l - 7*l + 4*q + 8. Let m be h(l). What is the units digit of (-2 - (-2 + 2)) + m?
6
Suppose 546 + 62 = 4*w. What is the units digit of w?
2
Let u(h) = h**2 + 10*h + 9. What is the units digit of u(-10)?
9
Suppose -17*m = -9*m - 872. What is the tens digit of m?
0
Suppose -2*f + 61 - 17 = 4*u, 0 = -f + 2. What is the units digit of u?
0
Let b = 8 + 0. What is the units digit of b?
8
Suppose 3*o - 20 = -3*s + 1, 0 = -4*s + 16. Suppose -3*n + 30 = -4*y, -3*n = -n + 3*y - o. What is the units digit of n?
6
Suppose 49 = 3*q + 19. Suppose q*n + 20 = 6*n. What is the tens digit of (132/15)/(-4)*n?
1
Suppose 2*c + 12 = c. What is the tens digit of 2/c - (-115)/6?
1
Let p(u) = u - 5. Let r be p(5). Let v(a) = a**3 - a**2 + a + 13. What is the tens digit of v(r)?
1
Suppose -2*i + 4*y = -0*i - 12, 0 = 3*y - 6. Suppose -b = 4*b + i. What is the units digit of b/(-9) - (-156)/27?
6
Let m(a) = 2*a**2 + 10*a - 10. What is the units digit of m(-8)?
8
Let d(g) = -g**3 - g**2 - g - 1. Let i = 1 + -3. What is the units digit of d(i)?
5
Let o(b) = -10*b + 1. What is the units digit of o(-7)?
1
Let o = 252 - 103. What is the hundreds digit of o?
1
Let k be ((-5)/(-2))/(2/4). Let f = 6 - k. What is the units digit of f?
1
Let b(w) = w**2 - 2*w - 1. Let r be b(3). Suppose 0*t = -r*t + 68. What 